at is the remainder when b(m) is divided by 20?
19
Let m(s) = 6*s + 15. Let k be m(-3). Let b = k + 16. Calculate the remainder when 49 is divided by b.
10
Let u = -232 + 323. What is the remainder when u is divided by 31?
29
Let u be ((-16)/(-20))/((-8)/180). Let a = u - -28. What is the remainder when 58 is divided by a?
8
Let i(f) = -8*f - 2. Let s(o) = -o. Let j(p) = -i(p) + 4*s(p). Let b be 2/(-2) - (0 + -3). Calculate the remainder when 28 is divided by j(b).
8
Suppose 27*q - 891 = -6*q. Let v(r) = -r**3 + 7*r**2 - r + 7. Calculate the remainder when v(5) is divided by q.
25
Let o = -550 + 585. Let v(u) = -16*u + 8. What is the remainder when v(-8) is divided by o?
31
Suppose -5*i = 7*i - 192. Calculate the remainder when 45 is divided by i.
13
Let z(b) be the third derivative of b**6/120 + b**5/30 - b**4/4 - b**3/3 + 5*b**2. Let c be z(-4). Let w = 20 + c. What is the remainder when w is divided by 6?
4
Suppose t + 4*t = 25. Suppose -4*s + 196 = -t*u, 64 = s - 3*u + 8. Suppose 14 - s = -3*d. What is the remainder when 27 is divided by d?
7
Let k be (2 - 3/1) + 3. Suppose 4*t - 4*u = 20, k*t = 4*u + 9 + 11. Suppose t*x - 9 = -x. What is the remainder when x is divided by 3?
0
Suppose -2*u + 203 = -57. Let p(d) = d**2 - 2*d + 33. Let i = 13 + -13. What is the remainder when u is divided by p(i)?
31
Let l = 6 - -6. Let a = -15 + l. What is the remainder when 65 is divided by a + 1 + (17 - -2)?
14
Suppose -i - 2*i = -192. Let t = -38 + i. Suppose 0 = u + 2*u - 42. What is the remainder when t is divided by u?
12
Suppose 952 = 9*d - d. What is the remainder when d is divided by 15?
14
Let u = 27 + -24. Suppose -2*r - 10 = 4*c, 0 = u*r + c + 2 - 12. Let m(l) = -l**2 + 8*l + 1. What is the remainder when m(7) is divided by r?
3
What is the remainder when (9/12)/((-15)/(-1340)) is divided by 22?
1
Suppose -d - 223 + 250 = 0. Calculate the remainder when d is divided by 14.
13
Suppose 2138 = 3*n + m - 12817, 4*n + 4*m - 19948 = 0. Suppose n = -5*q + q. Calculate the remainder when (q/21)/(4/(-6)) is divided by 23.
20
Suppose -3*q - 8 = -7*q. Let w be -6*2/(-4) - q. Calculate the remainder when 49 is divided by (-10)/5 + w + 18.
15
Let w(b) = -12*b + 7. Let j(v) = -12*v + 7. Let y(a) = 5*j(a) - 6*w(a). Calculate the remainder when y(7) is divided by 1 - (-28 + 1 + 2).
25
Suppose -3*i + 1 = -8. Let q be 70/i + 18/27. Suppose -h + 26 = 4*f, -2*h = -h + 2*f - q. What is the remainder when 65 is divided by h?
21
Let x(s) = s**3 + 5*s**2 - 2*s + 1. Calculate the remainder when ((-364)/98)/(1/(-14)) is divided by x(-5).
8
Let z(v) = -v + 5. Suppose 2*i + 1 = a - i, -2*a - 5*i + 24 = 0. Let f be z(a). Let t = f - -18. Calculate the remainder when 29 is divided by t.
13
Let w(n) = n**2 + 16*n + 81. Suppose 0 = -5*t, 4*k - 30 = k + 4*t. What is the remainder when w(-7) is divided by k?
8
Let f(i) = i**3 + 14*i**2 + 2*i + 33. Let h be (2/(-2))/((-26)/28 + 1). Calculate the remainder when 24 is divided by f(h).
4
Let p = 2172 + -2157. Calculate the remainder when 129 is divided by p.
9
Let w = -118 + 215. Calculate the remainder when w is divided by 14.
13
Suppose -10 = 2*p, -20 = -5*l - 0*l - 2*p. Suppose 2*v - 69 = y, -5 = -l*y + 5*y. What is the remainder when v is divided by 10?
7
Suppose -2*b + 5*w = 97, -2*b = 3*b - 3*w + 271. Let r = 71 + b. What is the remainder when 25 is divided by r?
10
Let z be ((-695)/(-2))/(2/12). Calculate the remainder when (0 - z/(-21)) + 6/(-21) is divided by 50.
49
Let g(s) = -s - 1. Let x be (-56)/12 - (-2)/3. Let j be g(x). Suppose -5*r = 2*b + 2 - 15, 3*r + 30 = j*b. What is the remainder when 15 is divided by b?
6
Let f(y) = -3*y + 22. Calculate the remainder when 120 is divided by f(-3).
27
Let y(t) = -t**2 + 4*t + 15. Calculate the remainder when 15 is divided by y(5).
5
Let j = -53 - -75. Suppose -3*r = -s - 131, -34 = -2*r + 4*s + 70. Calculate the remainder when r is divided by j.
20
Suppose 0 = -f - 6 + 8. Suppose 0 = -3*d - 4*s + 43, d + 19 = f*d - s. What is the remainder when 33 is divided by d?
16
Let p(r) = r**2 + 8*r + 5. Calculate the remainder when 139 is divided by p(-10).
14
Let m = 0 + 5. Let b = 703 - 693. What is the remainder when b is divided by m?
0
Let k(o) = 2*o - 12. Let q be 4*((-21)/(-6) - 3). Let r be (-10)/(-15)*(19 + q). Calculate the remainder when 29 is divided by k(r).
13
Let a(s) = 4*s**2 + 8*s + 7. What is the remainder when 606 is divided by a(-3)?
17
Let s(p) = -14*p - 14. What is the remainder when s(-8) is divided by 36?
26
Let n(x) = x**3 + 11*x**2 - 26*x + 29. Let o = -41 + 97. Calculate the remainder when o is divided by n(-13).
27
Suppose c = 6*c - 90. Let z = c - -5. Suppose -4*b - 8 = -y - 0*b, 8 = y - 2*b. Calculate the remainder when z is divided by y.
7
Suppose t - 2*j - 1 + 28 = 0, 0 = -5*t + 3*j - 149. Let s = t + 167. Suppose 2*c = -38 + s. Calculate the remainder when c is divided by 18.
13
Let i = 110 + -78. What is the remainder when 2/6 + 10/(-2)*(-777)/63 is divided by i?
30
Let r(i) = 3*i + 130. Calculate the remainder when 25 is divided by r(-41).
4
Let z(v) = v**3 - 5*v**2 - 10*v + 12. Let u be z(6). Let n = u - -47. Let b = -14 + n. What is the remainder when b is divided by 6?
3
Let p(w) = -w**2 + 16*w + 143. Calculate the remainder when p(18) is divided by 44.
19
Suppose c + 2*c - 42 = -3*d, -2*d - 5*c + 16 = 0. Calculate the remainder when 157 is divided by d.
13
Suppose -2*h - 3 = -3. Let u = 18 + h. Suppose -4*f = -3*f - 52. What is the remainder when f is divided by u?
16
Let q = -740 - -757. Calculate the remainder when 829 is divided by q.
13
Let v(d) = d**2 + 2*d. Let b(a) = -3*a - 1. Let q be b(5). Let z be v(q). What is the remainder when 27 is divided by ((-1)/(-2))/(16/z)?
6
Suppose -5*u = -270 - 35. Suppose 43 = 4*x - u. Suppose -z = -3*z + 18. What is the remainder when x is divided by z?
8
Let t(z) = 3*z**2 + 8*z - 8. Let u be t(-7). Calculate the remainder when 12 + -15 + u + 1 + -1 is divided by 9.
8
Suppose -138 = 13*r - 19*r. Calculate the remainder when 105 is divided by r.
13
Suppose 0*p - 91 = -13*p. Suppose -2*g + 18 = 2*x, -2*x - g + 3*g + 30 = 0. What is the remainder when x is divided by p?
5
Let m = 74 - -45. What is the remainder when m is divided by 21?
14
Suppose 0 = -n - 4*g + 163, 0 = -3*n - 7*g + 6*g + 445. Calculate the remainder when n is divided by 37.
36
Let f(k) = k**3 - k**2 - 2*k + 3. Let l = -6 + 8. Let u = -149 + 150. Calculate the remainder when f(l) is divided by u.
0
Let c = -70 - -99. Suppose -7*g - 5*g = -96. What is the remainder when c is divided by g?
5
Let b = -245 - -262. Suppose -4*m - b = -61. What is the remainder when ((-106)/(-6))/((-1)/(-3)) is divided by m?
9
Let u be (-8)/(-44) - (-4 - (-1388)/11). Let s = -66 - u. What is the remainder when s is divided by 29?
27
Let m = 215 + -128. Calculate the remainder when m is divided by 13.
9
Let q(u) = 6*u + 14. Let l(i) = -3*i - 7. Let c(p) = 5*l(p) + 2*q(p). Calculate the remainder when 65 is divided by c(-10).
19
Calculate the remainder when 71 is divided by -6 + ((-11)/((-44)/160) - 5).
13
Suppose 14*d = 10*d + 508. Suppose 3*i = d + 383. Suppose 5*x = -35 + i. What is the remainder when 53 is divided by x?
26
Let j(w) = -w - 2. Let v be 0 - 6*(-2)/3. Suppose 22 = -2*h - v*m, 3*h - m + 7 + 12 = 0. What is the remainder when 14 is divided by j(h)?
4
Let c(w) = -w + 15. Let o(z) = -z**2 + 10*z + 8. Calculate the remainder when c(0) is divided by o(10).
7
Suppose -55*b + 71*b - 320 = 0. What is the remainder when 79 is divided by b?
19
Let n = 25 + -23. Let t = n + -40. Let o = t - -53. What is the remainder when 28 is divided by o?
13
What is the remainder when (-246)/(-5)*15/6 is divided by 16?
11
Let q(j) = 3*j**2 + 27*j - 19. Calculate the remainder when q(-26) is divided by 109.
108
Let x(y) be the second derivative of 1/2*y**2 + 6*y + 0 + y**3. What is the remainder when x(1) is divided by 5?
2
Let d(p) = -p**2 - 3*p - 8. Let o = 12 - 18. Let g be d(o). Let h = 45 + g. Calculate the remainder when h is divided by 10.
9
Let o(z) be the first derivative of -7*z**2 + 13*z + 56. Suppose m + 58 = 3*m. What is the remainder when o(-3) is divided by m?
26
Let a = -18 - -20. Suppose -5*x + 15*y - 13*y + 9 = 0, -5 = 5*x + 5*y. Calculate the remainder whe